{"id":72,"date":"2020-06-09T09:07:56","date_gmt":"2020-06-09T07:07:56","guid":{"rendered":"https:\/\/cpirulegi.educacion.navarra.es\/web\/?page_id=72"},"modified":"2023-12-07T15:39:09","modified_gmt":"2023-12-07T14:39:09","slug":"eskola-kontseilua","status":"publish","type":"page","link":"https:\/\/cpirulegi.educacion.navarra.es\/web\/informazioa-2\/eskola-kontseilua\/","title":{"rendered":"Eskola kontseilua"},"content":{"rendered":"\n<p class=\"has-medium-font-size\">ESKOLA KONTSEILUKO KIDEAK<\/p>\n\n\n\n<p class=\"has-vivid-purple-color has-text-color\">IRAKASLEAK<\/p>\n\n\n\n<ul><li>Lorea Jim\u00e9nez<\/li><li>I\u00f1igo GIl<\/li><li>Erkuden Goikoetxea<\/li><li>Aitziber Aznarez<\/li><li>Maia Razkin<\/li><\/ul>\n\n\n\n<p class=\"has-vivid-purple-color has-text-color\">GURASOAK<\/p>\n\n\n\n<ul><li>Maite Zabala<\/li><li>Estibaliz Sagardoy<\/li><li>Eduren Berastegi<\/li><li>Ana Red\u00edn<\/li><li>Ana Redin<\/li><\/ul>\n\n\n\n<p class=\"has-vivid-purple-color has-text-color\">GURASO ELKARTEAREN ORDEZKARIA<\/p>\n\n\n\n<ul><li>Pilar V\u00e1zquez de Prada<\/li><\/ul>\n\n\n\n<p class=\"has-vivid-purple-color has-text-color\">UDALAREN ORDEZKARIA<\/p>\n\n\n\n<ul><li>Mertxe R\u00e1bago<\/li><\/ul>\n\n\n\n<p class=\"has-vivid-purple-color has-text-color\">ADMINISTRAZIIOKO ETA ZERBITZUETAKO LANGILEEN ORDEZKARIA<\/p>\n\n\n\n<ul><li>Kristina Elso<\/li><\/ul>\n\n\n\n<p class=\"has-vivid-purple-color has-text-color\">ZUZENDARITZA TALDEA<\/p>\n\n\n\n<ul><li>Ana Elorza (idazkaria)<\/li><li>Naroa Labairu (ikasketaburua)<\/li><li>Ixen Bilbao (zuzendaria)<\/li><\/ul>\n\n\n\n<p><\/p>\n","protected":false},"excerpt":{"rendered":"<p>ESKOLA KONTSEILUKO KIDEAK IRAKASLEAK Lorea Jim\u00e9nez I\u00f1igo GIl Erkuden Goikoetxea Aitziber Aznarez Maia Razkin GURASOAK Maite Zabala Estibaliz Sagardoy Eduren Berastegi Ana Red\u00edn Ana Redin GURASO ELKARTEAREN ORDEZKARIA Pilar V\u00e1zquez de Prada UDALAREN ORDEZKARIA Mertxe R\u00e1bago ADMINISTRAZIIOKO ETA ZERBITZUETAKO LANGILEEN ORDEZKARIA Kristina Elso ZUZENDARITZA TALDEA Ana Elorza (idazkaria) Naroa Labairu (ikasketaburua) Ixen Bilbao (zuzendaria)<\/p>\n","protected":false},"author":1,"featured_media":0,"parent":53,"menu_order":0,"comment_status":"closed","ping_status":"closed","template":"","meta":{"_genesis_hide_title":false,"_genesis_hide_breadcrumbs":false,"_genesis_hide_singular_image":false,"_genesis_hide_footer_widgets":false,"_genesis_custom_body_class":"","_genesis_custom_post_class":"","_genesis_layout":"","footnotes":""},"_links":{"self":[{"href":"https:\/\/cpirulegi.educacion.navarra.es\/web\/wp-json\/wp\/v2\/pages\/72"}],"collection":[{"href":"https:\/\/cpirulegi.educacion.navarra.es\/web\/wp-json\/wp\/v2\/pages"}],"about":[{"href":"https:\/\/cpirulegi.educacion.navarra.es\/web\/wp-json\/wp\/v2\/types\/page"}],"author":[{"embeddable":true,"href":"https:\/\/cpirulegi.educacion.navarra.es\/web\/wp-json\/wp\/v2\/users\/1"}],"replies":[{"embeddable":true,"href":"https:\/\/cpirulegi.educacion.navarra.es\/web\/wp-json\/wp\/v2\/comments?post=72"}],"version-history":[{"count":4,"href":"https:\/\/cpirulegi.educacion.navarra.es\/web\/wp-json\/wp\/v2\/pages\/72\/revisions"}],"predecessor-version":[{"id":4280,"href":"https:\/\/cpirulegi.educacion.navarra.es\/web\/wp-json\/wp\/v2\/pages\/72\/revisions\/4280"}],"up":[{"embeddable":true,"href":"https:\/\/cpirulegi.educacion.navarra.es\/web\/wp-json\/wp\/v2\/pages\/53"}],"wp:attachment":[{"href":"https:\/\/cpirulegi.educacion.navarra.es\/web\/wp-json\/wp\/v2\/media?parent=72"}],"curies":[{"name":"wp","href":"https:\/\/api.w.org\/{rel}","templated":true}]}}

<p class="has-medium-font-size">ESKOLA KONTSEILUKO KIDEAK</p>



<p class="has-vivid-purple-color has-text-color">IRAKASLEAK</p>



<ul><li>Lorea Jiménez</li><li>Iñigo GIl</li><li>Erkuden Goikoetxea</li><li>Aitziber Aznarez</li><li>Maia Razkin</li></ul>



<p class="has-vivid-purple-color has-text-color">GURASOAK</p>



<ul><li>Maite Zabala</li><li>Estibaliz Sagardoy</li><li>Eduren Berastegi</li><li>Ana Redín</li><li>Ana Redin</li></ul>



<p class="has-vivid-purple-color has-text-color">GURASO ELKARTEAREN ORDEZKARIA</p>



<ul><li>Pilar Vázquez de Prada</li></ul>



<p class="has-vivid-purple-color has-text-color">UDALAREN ORDEZKARIA</p>



<ul><li>Mertxe Rábago</li></ul>



<p class="has-vivid-purple-color has-text-color">ADMINISTRAZIIOKO ETA ZERBITZUETAKO LANGILEEN ORDEZKARIA</p>



<ul><li>Kristina Elso</li></ul>



<p class="has-vivid-purple-color has-text-color">ZUZENDARITZA TALDEA</p>



<ul><li>Ana Elorza (idazkaria)</li><li>Naroa Labairu (ikasketaburua)</li><li>Ixen Bilbao (zuzendaria)</li></ul>



<p></p>

<p>ESKOLA KONTSEILUKO KIDEAK IRAKASLEAK Lorea Jiménez Iñigo GIl Erkuden Goikoetxea Aitziber Aznarez Maia Razkin GURASOAK Maite Zabala Estibaliz Sagardoy Eduren Berastegi Ana Redín Ana Redin GURASO ELKARTEAREN ORDEZKARIA Pilar Vázquez de Prada UDALAREN ORDEZKARIA Mertxe Rábago ADMINISTRAZIIOKO ETA ZERBITZUETAKO LANGILEEN ORDEZKARIA Kristina Elso ZUZENDARITZA TALDEA Ana Elorza (idazkaria) Naroa Labairu (ikasketaburua) Ixen Bilbao (zuzendaria)</p>
